{"id":1076,"date":"2023-05-19T16:37:49","date_gmt":"2023-05-19T16:37:49","guid":{"rendered":"https:\/\/www.cazadejabali.com\/?page_id=1076"},"modified":"2023-09-14T14:11:47","modified_gmt":"2023-09-14T14:11:47","slug":"booking-jagt","status":"publish","type":"page","link":"https:\/\/www.cazadejabali.com\/index.php\/booking-jagt\/","title":{"rendered":"Booking Jagt"},"content":{"rendered":"\t\t<div data-elementor-type=\"wp-page\" data-elementor-id=\"1076\" class=\"elementor elementor-1076\">\n\t\t\t\t<div class=\"elementor-element elementor-element-344e254 e-flex e-con-boxed e-con e-parent\" data-id=\"344e254\" data-element_type=\"container\" data-e-type=\"container\">\n\t\t\t\t\t<div class=\"e-con-inner\">\n\t\t\t\t<div class=\"elementor-element elementor-element-00798ab elementor-hidden-tablet elementor-hidden-mobile elementor-widget elementor-widget-spacer\" data-id=\"00798ab\" data-element_type=\"widget\" data-e-type=\"widget\" data-widget_type=\"spacer.default\">\n\t\t\t\t<div class=\"elementor-widget-container\">\n\t\t\t\t\t\t\t<div class=\"elementor-spacer\">\n\t\t\t<div class=\"elementor-spacer-inner\"><\/div>\n\t\t<\/div>\n\t\t\t\t\t\t<\/div>\n\t\t\t\t<\/div>\n\t\t\t\t<div class=\"elementor-element elementor-element-a2243fd elementor-widget elementor-widget-heading\" data-id=\"a2243fd\" data-element_type=\"widget\" data-e-type=\"widget\" data-widget_type=\"heading.default\">\n\t\t\t\t<div class=\"elementor-widget-container\">\n\t\t\t\t\t<h1 class=\"elementor-heading-title elementor-size-default\">Bestilling - Jagttur<\/h1>\t\t\t\t<\/div>\n\t\t\t\t<\/div>\n\t\t\t\t<div class=\"elementor-element elementor-element-c7772d1 elementor-widget elementor-widget-spacer\" data-id=\"c7772d1\" data-element_type=\"widget\" data-e-type=\"widget\" data-widget_type=\"spacer.default\">\n\t\t\t\t<div class=\"elementor-widget-container\">\n\t\t\t\t\t\t\t<div class=\"elementor-spacer\">\n\t\t\t<div class=\"elementor-spacer-inner\"><\/div>\n\t\t<\/div>\n\t\t\t\t\t\t<\/div>\n\t\t\t\t<\/div>\n\t\t<div class=\"elementor-element elementor-element-7f29159 e-flex e-con-boxed e-con e-child\" data-id=\"7f29159\" data-element_type=\"container\" data-e-type=\"container\">\n\t\t\t\t\t<div class=\"e-con-inner\">\n\t\t\t\t<div class=\"elementor-element elementor-element-fe58384 elementor-widget elementor-widget-button\" data-id=\"fe58384\" data-element_type=\"widget\" data-e-type=\"widget\" data-widget_type=\"button.default\">\n\t\t\t\t<div class=\"elementor-widget-container\">\n\t\t\t\t\t\t\t\t\t<div class=\"elementor-button-wrapper\">\n\t\t\t\t\t<a class=\"elementor-button elementor-button-link elementor-size-sm\" href=\"https:\/\/www.cazadejabali.com\/index.php\/booking-jagt\/\">\n\t\t\t\t\t\t<span class=\"elementor-button-content-wrapper\">\n\t\t\t\t\t\t\t\t\t<span class=\"elementor-button-text\">Jagt<\/span>\n\t\t\t\t\t<\/span>\n\t\t\t\t\t<\/a>\n\t\t\t\t<\/div>\n\t\t\t\t\t\t\t\t<\/div>\n\t\t\t\t<\/div>\n\t\t\t\t<div class=\"elementor-element elementor-element-cb2fb49 elementor-widget elementor-widget-button\" data-id=\"cb2fb49\" data-element_type=\"widget\" data-e-type=\"widget\" data-widget_type=\"button.default\">\n\t\t\t\t<div class=\"elementor-widget-container\">\n\t\t\t\t\t\t\t\t\t<div class=\"elementor-button-wrapper\">\n\t\t\t\t\t<a class=\"elementor-button elementor-button-link elementor-size-sm\" href=\"https:\/\/www.cazadejabali.com\/index.php\/booking-oplaeg\/\">\n\t\t\t\t\t\t<span class=\"elementor-button-content-wrapper\">\n\t\t\t\t\t\t\t\t\t<span class=\"elementor-button-text\">Opl\u00e6g<\/span>\n\t\t\t\t\t<\/span>\n\t\t\t\t\t<\/a>\n\t\t\t\t<\/div>\n\t\t\t\t\t\t\t\t<\/div>\n\t\t\t\t<\/div>\n\t\t\t\t\t<\/div>\n\t\t\t\t<\/div>\n\t\t\t\t<div class=\"elementor-element elementor-element-a482eda elementor-widget elementor-widget-spacer\" data-id=\"a482eda\" data-element_type=\"widget\" data-e-type=\"widget\" data-widget_type=\"spacer.default\">\n\t\t\t\t<div class=\"elementor-widget-container\">\n\t\t\t\t\t\t\t<div class=\"elementor-spacer\">\n\t\t\t<div class=\"elementor-spacer-inner\"><\/div>\n\t\t<\/div>\n\t\t\t\t\t\t<\/div>\n\t\t\t\t<\/div>\n\t\t\t\t<div class=\"elementor-element elementor-element-471fd83 elementor-widget elementor-widget-heading\" data-id=\"471fd83\" data-element_type=\"widget\" data-e-type=\"widget\" data-widget_type=\"heading.default\">\n\t\t\t\t<div class=\"elementor-widget-container\">\n\t\t\t\t\t<h3 class=\"elementor-heading-title elementor-size-default\">Send os en foresp\u00f8rgsel!<\/h3>\t\t\t\t<\/div>\n\t\t\t\t<\/div>\n\t\t\t\t\t<\/div>\n\t\t\t\t<\/div>\n\t\t<div class=\"elementor-element elementor-element-cbbcad8 e-flex e-con-boxed e-con e-parent\" data-id=\"cbbcad8\" data-element_type=\"container\" data-e-type=\"container\">\n\t\t\t\t\t<div class=\"e-con-inner\">\n\t\t<div class=\"elementor-element elementor-element-729d404 e-con-full e-flex e-con e-child\" data-id=\"729d404\" data-element_type=\"container\" data-e-type=\"container\">\n\t\t\t\t<div class=\"elementor-element elementor-element-afce58a elementor-widget elementor-widget-text-editor\" data-id=\"afce58a\" data-element_type=\"widget\" data-e-type=\"widget\" data-widget_type=\"text-editor.default\">\n\t\t\t\t<div class=\"elementor-widget-container\">\n\t\t\t\t\t\t\t\t\t<p>Er du interesseret i at komme p\u00e5 en af vores jagtture? Det eneste du skal g\u00f8re er at udfylde vores bestillingsformular og sende os en foresp\u00f8rgsel. Vi vil herefter kontakte dig hurtigst muligt, s\u00e5 vi kan planl\u00e6gge din jagttur sammen.<\/p>\t\t\t\t\t\t\t\t<\/div>\n\t\t\t\t<\/div>\n\t\t\t\t<div class=\"elementor-element elementor-element-8e3980c elementor-widget elementor-widget-heading\" data-id=\"8e3980c\" data-element_type=\"widget\" data-e-type=\"widget\" data-widget_type=\"heading.default\">\n\t\t\t\t<div class=\"elementor-widget-container\">\n\t\t\t\t\t<h4 class=\"elementor-heading-title elementor-size-default\">Betalingsbetingelser<\/h4>\t\t\t\t<\/div>\n\t\t\t\t<\/div>\n\t\t\t\t<div class=\"elementor-element elementor-element-3474d4b elementor-widget elementor-widget-text-editor\" data-id=\"3474d4b\" data-element_type=\"widget\" data-e-type=\"widget\" data-widget_type=\"text-editor.default\">\n\t\t\t\t<div class=\"elementor-widget-container\">\n\t\t\t\t\t\t\t\t\t<p>Der indbetales <strong>\u20ac250<\/strong> depositum ved bestilling som modregnes ved afregning. Ved afbestilling vil dette bel\u00f8b tilbagebetales indtil 5 m\u00e5neder f\u00f8r f\u00f8rste jagtdag. 4 m\u00e5neder f\u00f8r f\u00f8rste jagtdag betales <strong>\u20ac750<\/strong>. Ved afbestilling vil dette bel\u00f8b tilbagebetales indtil 3 m\u00e5neder f\u00f8r f\u00f8rste jagtdag.<\/p>\t\t\t\t\t\t\t\t<\/div>\n\t\t\t\t<\/div>\n\t\t\t\t<div class=\"elementor-element elementor-element-1274e4e elementor-hidden-mobile elementor-widget elementor-widget-spacer\" data-id=\"1274e4e\" data-element_type=\"widget\" data-e-type=\"widget\" data-widget_type=\"spacer.default\">\n\t\t\t\t<div class=\"elementor-widget-container\">\n\t\t\t\t\t\t\t<div class=\"elementor-spacer\">\n\t\t\t<div class=\"elementor-spacer-inner\"><\/div>\n\t\t<\/div>\n\t\t\t\t\t\t<\/div>\n\t\t\t\t<\/div>\n\t\t\t\t<\/div>\n\t\t<div class=\"elementor-element elementor-element-7000d54 e-con-full e-flex e-con e-child\" data-id=\"7000d54\" data-element_type=\"container\" data-e-type=\"container\">\n\t\t\t\t<div class=\"elementor-element elementor-element-f3fdced elementor-widget elementor-widget-text-editor\" data-id=\"f3fdced\" data-element_type=\"widget\" data-e-type=\"widget\" data-widget_type=\"text-editor.default\">\n\t\t\t\t<div class=\"elementor-widget-container\">\n\t\t\t\t\t\t\t\t\t<p>Ved ankomsten til Ar\u00e9n og inden indkvartering skal restbel\u00f8bet p\u00e5 v\u00e6re modtaget p\u00e5 vores bankkonto eller erl\u00e6gges kontant. (SEPA betalinger i EUR er gratis indenfor EU)<\/p>\t\t\t\t\t\t\t\t<\/div>\n\t\t\t\t<\/div>\n\t\t\t\t<div class=\"elementor-element elementor-element-bc12f77 elementor-widget elementor-widget-heading\" data-id=\"bc12f77\" data-element_type=\"widget\" data-e-type=\"widget\" data-widget_type=\"heading.default\">\n\t\t\t\t<div class=\"elementor-widget-container\">\n\t\t\t\t\t<h4 class=\"elementor-heading-title elementor-size-default\">Till\u00e6g<\/h4>\t\t\t\t<\/div>\n\t\t\t\t<\/div>\n\t\t\t\t<div class=\"elementor-element elementor-element-7959149 elementor-widget elementor-widget-text-editor\" data-id=\"7959149\" data-element_type=\"widget\" data-e-type=\"widget\" data-widget_type=\"text-editor.default\">\n\t\t\t\t<div class=\"elementor-widget-container\">\n\t\t\t\t\t\t\t\t\t<p>Vi g\u00f8r opm\u00e6rksom p\u00e5 at der er till\u00e6g for jagt licens p\u00e5 <strong>\u20ac35<\/strong> for Aragon og <strong>\u20ac47<\/strong> for Katalonien. Da nogle jagter kun er i en region og andre er i begge, kan vi derfor ikke inkludere dem i prisen. V\u00e6r derfor opm\u00e6rksom p\u00e5 et <strong>\u20ac35 &#8211; \u20ac82<\/strong> stigning i forhold til jagtprisen.<\/p>\t\t\t\t\t\t\t\t<\/div>\n\t\t\t\t<\/div>\n\t\t\t\t<\/div>\n\t\t\t\t\t<\/div>\n\t\t\t\t<\/div>\n\t\t<div class=\"elementor-element elementor-element-c8a0032 e-con-full elementor-hidden-mobile e-flex e-con e-parent\" data-id=\"c8a0032\" data-element_type=\"container\" data-e-type=\"container\" data-settings=\"{&quot;background_background&quot;:&quot;classic&quot;}\">\n\t\t\t\t<div class=\"elementor-element elementor-element-1dbeca2 elementor-hidden-tablet elementor-widget elementor-widget-image\" data-id=\"1dbeca2\" data-element_type=\"widget\" data-e-type=\"widget\" data-widget_type=\"image.default\">\n\t\t\t\t<div class=\"elementor-widget-container\">\n\t\t\t\t\t\t\t\t\t\t\t\t\t\t\t<img fetchpriority=\"high\" decoding=\"async\" width=\"1024\" height=\"768\" src=\"https:\/\/www.cazadejabali.com\/wp-content\/uploads\/2023\/05\/caza-12-11-22-2-1-1024x768.webp\" class=\"attachment-large size-large wp-image-1978\" alt=\"\" srcset=\"https:\/\/www.cazadejabali.com\/wp-content\/uploads\/2023\/05\/caza-12-11-22-2-1-1024x768.webp 1024w, https:\/\/www.cazadejabali.com\/wp-content\/uploads\/2023\/05\/caza-12-11-22-2-1-300x225.webp 300w, https:\/\/www.cazadejabali.com\/wp-content\/uploads\/2023\/05\/caza-12-11-22-2-1-768x576.webp 768w, https:\/\/www.cazadejabali.com\/wp-content\/uploads\/2023\/05\/caza-12-11-22-2-1-1536x1152.webp 1536w, https:\/\/www.cazadejabali.com\/wp-content\/uploads\/2023\/05\/caza-12-11-22-2-1.webp 1600w\" sizes=\"(max-width: 1024px) 100vw, 1024px\" \/>\t\t\t\t\t\t\t\t\t\t\t\t\t\t\t<\/div>\n\t\t\t\t<\/div>\n\t\t\t\t<div class=\"elementor-element elementor-element-350274a elementor-widget-mobile__width-initial elementor-widget elementor-widget-image\" data-id=\"350274a\" data-element_type=\"widget\" data-e-type=\"widget\" data-widget_type=\"image.default\">\n\t\t\t\t<div class=\"elementor-widget-container\">\n\t\t\t\t\t\t\t\t\t\t\t\t\t\t\t<img decoding=\"async\" width=\"1024\" height=\"1024\" src=\"https:\/\/www.cazadejabali.com\/wp-content\/uploads\/2023\/05\/WhatsApp-Image-2020-09-20-at-21.04.29-1.webp\" class=\"attachment-large size-large wp-image-1871\" alt=\"\" srcset=\"https:\/\/www.cazadejabali.com\/wp-content\/uploads\/2023\/05\/WhatsApp-Image-2020-09-20-at-21.04.29-1.webp 1024w, https:\/\/www.cazadejabali.com\/wp-content\/uploads\/2023\/05\/WhatsApp-Image-2020-09-20-at-21.04.29-1-300x300.webp 300w, https:\/\/www.cazadejabali.com\/wp-content\/uploads\/2023\/05\/WhatsApp-Image-2020-09-20-at-21.04.29-1-150x150.webp 150w, https:\/\/www.cazadejabali.com\/wp-content\/uploads\/2023\/05\/WhatsApp-Image-2020-09-20-at-21.04.29-1-768x768.webp 768w\" sizes=\"(max-width: 1024px) 100vw, 1024px\" \/>\t\t\t\t\t\t\t\t\t\t\t\t\t\t\t<\/div>\n\t\t\t\t<\/div>\n\t\t\t\t<div class=\"elementor-element elementor-element-cff4f81 elementor-widget elementor-widget-image\" data-id=\"cff4f81\" data-element_type=\"widget\" data-e-type=\"widget\" data-widget_type=\"image.default\">\n\t\t\t\t<div class=\"elementor-widget-container\">\n\t\t\t\t\t\t\t\t\t\t\t\t\t\t\t<img decoding=\"async\" width=\"1024\" height=\"768\" src=\"https:\/\/www.cazadejabali.com\/wp-content\/uploads\/2023\/05\/65a36471-f310-4f53-8498-500b7222769e.webp\" class=\"attachment-large size-large wp-image-1775\" alt=\"\" srcset=\"https:\/\/www.cazadejabali.com\/wp-content\/uploads\/2023\/05\/65a36471-f310-4f53-8498-500b7222769e.webp 1024w, https:\/\/www.cazadejabali.com\/wp-content\/uploads\/2023\/05\/65a36471-f310-4f53-8498-500b7222769e-300x225.webp 300w, https:\/\/www.cazadejabali.com\/wp-content\/uploads\/2023\/05\/65a36471-f310-4f53-8498-500b7222769e-768x576.webp 768w\" sizes=\"(max-width: 1024px) 100vw, 1024px\" \/>\t\t\t\t\t\t\t\t\t\t\t\t\t\t\t<\/div>\n\t\t\t\t<\/div>\n\t\t\t\t<\/div>\n\t\t<div class=\"elementor-element elementor-element-f1ac8ad e-flex e-con-boxed e-con e-parent\" data-id=\"f1ac8ad\" data-element_type=\"container\" data-e-type=\"container\">\n\t\t\t\t\t<div class=\"e-con-inner\">\n\t\t\t\t<div class=\"elementor-element elementor-element-0e0546a elementor-widget elementor-widget-spacer\" data-id=\"0e0546a\" data-element_type=\"widget\" data-e-type=\"widget\" data-widget_type=\"spacer.default\">\n\t\t\t\t<div class=\"elementor-widget-container\">\n\t\t\t\t\t\t\t<div class=\"elementor-spacer\">\n\t\t\t<div class=\"elementor-spacer-inner\"><\/div>\n\t\t<\/div>\n\t\t\t\t\t\t<\/div>\n\t\t\t\t<\/div>\n\t\t\t\t\t<\/div>\n\t\t\t\t<\/div>\n\t\t\t\t<\/div>\n\t\t","protected":false},"excerpt":{"rendered":"<p>Bestilling &#8211; Jagttur Jagt Opl\u00e6g Send os en foresp\u00f8rgsel! Er du interesseret i at komme p\u00e5 en af vores jagtture? Det eneste du skal g\u00f8re er at udfylde vores bestillingsformular og sende os en foresp\u00f8rgsel. Vi vil herefter kontakte dig hurtigst muligt, s\u00e5 vi kan planl\u00e6gge din jagttur sammen. Betalingsbetingelser Der indbetales \u20ac250 depositum ved [&hellip;]<\/p>\n","protected":false},"author":1,"featured_media":0,"parent":0,"menu_order":0,"comment_status":"closed","ping_status":"closed","template":"","meta":{"site-sidebar-layout":"no-sidebar","site-content-layout":"page-builder","ast-site-content-layout":"default","site-content-style":"default","site-sidebar-style":"default","ast-global-header-display":"","ast-banner-title-visibility":"","ast-main-header-display":"","ast-hfb-above-header-display":"","ast-hfb-below-header-display":"","ast-hfb-mobile-header-display":"","site-post-title":"disabled","ast-breadcrumbs-content":"","ast-featured-img":"disabled","footer-sml-layout":"","ast-disable-related-posts":"","theme-transparent-header-meta":"","adv-header-id-meta":"","stick-header-meta":"","header-above-stick-meta":"","header-main-stick-meta":"","header-below-stick-meta":"","astra-migrate-meta-layouts":"default","ast-page-background-enabled":"default","ast-page-background-meta":{"desktop":{"background-color":"var(--ast-global-color-4)","background-image":"","background-repeat":"repeat","background-position":"center center","background-size":"auto","background-attachment":"scroll","background-type":"","background-media":"","overlay-type":"","overlay-color":"","overlay-opacity":"","overlay-gradient":""},"tablet":{"background-color":"","background-image":"","background-repeat":"repeat","background-position":"center center","background-size":"auto","background-attachment":"scroll","background-type":"","background-media":"","overlay-type":"","overlay-color":"","overlay-opacity":"","overlay-gradient":""},"mobile":{"background-color":"","background-image":"","background-repeat":"repeat","background-position":"center center","background-size":"auto","background-attachment":"scroll","background-type":"","background-media":"","overlay-type":"","overlay-color":"","overlay-opacity":"","overlay-gradient":""}},"ast-content-background-meta":{"desktop":{"background-color":"var(--ast-global-color-5)","background-image":"","background-repeat":"repeat","background-position":"center center","background-size":"auto","background-attachment":"scroll","background-type":"","background-media":"","overlay-type":"","overlay-color":"","overlay-opacity":"","overlay-gradient":""},"tablet":{"background-color":"var(--ast-global-color-5)","background-image":"","background-repeat":"repeat","background-position":"center center","background-size":"auto","background-attachment":"scroll","background-type":"","background-media":"","overlay-type":"","overlay-color":"","overlay-opacity":"","overlay-gradient":""},"mobile":{"background-color":"var(--ast-global-color-5)","background-image":"","background-repeat":"repeat","background-position":"center center","background-size":"auto","background-attachment":"scroll","background-type":"","background-media":"","overlay-type":"","overlay-color":"","overlay-opacity":"","overlay-gradient":""}},"footnotes":""},"class_list":["post-1076","page","type-page","status-publish","hentry"],"yoast_head":"<!-- This site is optimized with the Yoast SEO plugin v27.5 - https:\/\/yoast.com\/product\/yoast-seo-wordpress\/ -->\n<title>Booking Jagt - CazadeJabal&iacute;<\/title>\n<meta name=\"robots\" content=\"index, follow, max-snippet:-1, max-image-preview:large, max-video-preview:-1\" \/>\n<link rel=\"canonical\" href=\"https:\/\/www.cazadejabali.com\/index.php\/booking-jagt\/\" \/>\n<meta property=\"og:locale\" content=\"en_US\" \/>\n<meta property=\"og:type\" content=\"article\" \/>\n<meta property=\"og:title\" content=\"Booking Jagt - CazadeJabal&iacute;\" \/>\n<meta property=\"og:description\" content=\"Bestilling &#8211; Jagttur Jagt Opl\u00e6g Send os en foresp\u00f8rgsel! Er du interesseret i at komme p\u00e5 en af vores jagtture? Det eneste du skal g\u00f8re er at udfylde vores bestillingsformular og sende os en foresp\u00f8rgsel. Vi vil herefter kontakte dig hurtigst muligt, s\u00e5 vi kan planl\u00e6gge din jagttur sammen. Betalingsbetingelser Der indbetales \u20ac250 depositum ved [&hellip;]\" \/>\n<meta property=\"og:url\" content=\"https:\/\/www.cazadejabali.com\/index.php\/booking-jagt\/\" \/>\n<meta property=\"og:site_name\" content=\"CazadeJabal&iacute;\" \/>\n<meta property=\"article:publisher\" content=\"https:\/\/www.facebook.com\/Vildsvinejagt\" \/>\n<meta property=\"article:modified_time\" content=\"2023-09-14T14:11:47+00:00\" \/>\n<meta property=\"og:image\" content=\"https:\/\/www.cazadejabali.com\/wp-content\/uploads\/2023\/05\/caza-12-11-22-2-1-1024x768.webp\" \/>\n<meta name=\"twitter:card\" content=\"summary_large_image\" \/>\n<meta name=\"twitter:label1\" content=\"Est. reading time\" \/>\n\t<meta name=\"twitter:data1\" content=\"2 minutes\" \/>\n<script type=\"application\/ld+json\" class=\"yoast-schema-graph\">{\"@context\":\"https:\\\/\\\/schema.org\",\"@graph\":[{\"@type\":\"WebPage\",\"@id\":\"https:\\\/\\\/www.cazadejabali.com\\\/index.php\\\/booking-jagt\\\/\",\"url\":\"https:\\\/\\\/www.cazadejabali.com\\\/index.php\\\/booking-jagt\\\/\",\"name\":\"Booking Jagt - CazadeJabal&iacute;\",\"isPartOf\":{\"@id\":\"https:\\\/\\\/www.cazadejabali.com\\\/#website\"},\"primaryImageOfPage\":{\"@id\":\"https:\\\/\\\/www.cazadejabali.com\\\/index.php\\\/booking-jagt\\\/#primaryimage\"},\"image\":{\"@id\":\"https:\\\/\\\/www.cazadejabali.com\\\/index.php\\\/booking-jagt\\\/#primaryimage\"},\"thumbnailUrl\":\"https:\\\/\\\/www.cazadejabali.com\\\/wp-content\\\/uploads\\\/2023\\\/05\\\/caza-12-11-22-2-1-1024x768.webp\",\"datePublished\":\"2023-05-19T16:37:49+00:00\",\"dateModified\":\"2023-09-14T14:11:47+00:00\",\"breadcrumb\":{\"@id\":\"https:\\\/\\\/www.cazadejabali.com\\\/index.php\\\/booking-jagt\\\/#breadcrumb\"},\"inLanguage\":\"en\",\"potentialAction\":[{\"@type\":\"ReadAction\",\"target\":[\"https:\\\/\\\/www.cazadejabali.com\\\/index.php\\\/booking-jagt\\\/\"]}]},{\"@type\":\"ImageObject\",\"inLanguage\":\"en\",\"@id\":\"https:\\\/\\\/www.cazadejabali.com\\\/index.php\\\/booking-jagt\\\/#primaryimage\",\"url\":\"https:\\\/\\\/www.cazadejabali.com\\\/wp-content\\\/uploads\\\/2023\\\/05\\\/caza-12-11-22-2-1-1024x768.webp\",\"contentUrl\":\"https:\\\/\\\/www.cazadejabali.com\\\/wp-content\\\/uploads\\\/2023\\\/05\\\/caza-12-11-22-2-1-1024x768.webp\"},{\"@type\":\"BreadcrumbList\",\"@id\":\"https:\\\/\\\/www.cazadejabali.com\\\/index.php\\\/booking-jagt\\\/#breadcrumb\",\"itemListElement\":[{\"@type\":\"ListItem\",\"position\":1,\"name\":\"Home\",\"item\":\"https:\\\/\\\/www.cazadejabali.com\\\/\"},{\"@type\":\"ListItem\",\"position\":2,\"name\":\"Booking Jagt\"}]},{\"@type\":\"WebSite\",\"@id\":\"https:\\\/\\\/www.cazadejabali.com\\\/#website\",\"url\":\"https:\\\/\\\/www.cazadejabali.com\\\/\",\"name\":\"www.vildsvinejagt.com\",\"description\":\"\",\"publisher\":{\"@id\":\"https:\\\/\\\/www.cazadejabali.com\\\/#organization\"},\"potentialAction\":[{\"@type\":\"SearchAction\",\"target\":{\"@type\":\"EntryPoint\",\"urlTemplate\":\"https:\\\/\\\/www.cazadejabali.com\\\/?s={search_term_string}\"},\"query-input\":{\"@type\":\"PropertyValueSpecification\",\"valueRequired\":true,\"valueName\":\"search_term_string\"}}],\"inLanguage\":\"en\"},{\"@type\":\"Organization\",\"@id\":\"https:\\\/\\\/www.cazadejabali.com\\\/#organization\",\"name\":\"CazadeJabal\u00ed\",\"url\":\"https:\\\/\\\/www.cazadejabali.com\\\/\",\"logo\":{\"@type\":\"ImageObject\",\"inLanguage\":\"en\",\"@id\":\"https:\\\/\\\/www.cazadejabali.com\\\/#\\\/schema\\\/logo\\\/image\\\/\",\"url\":\"https:\\\/\\\/www.cazadejabali.com\\\/wp-content\\\/uploads\\\/2023\\\/05\\\/green.svg\",\"contentUrl\":\"https:\\\/\\\/www.cazadejabali.com\\\/wp-content\\\/uploads\\\/2023\\\/05\\\/green.svg\",\"width\":1040,\"height\":801,\"caption\":\"CazadeJabal\u00ed\"},\"image\":{\"@id\":\"https:\\\/\\\/www.cazadejabali.com\\\/#\\\/schema\\\/logo\\\/image\\\/\"},\"sameAs\":[\"https:\\\/\\\/www.facebook.com\\\/Vildsvinejagt\"]}]}<\/script>\n<!-- \/ Yoast SEO plugin. -->","yoast_head_json":{"title":"Booking Jagt - CazadeJabal&iacute;","robots":{"index":"index","follow":"follow","max-snippet":"max-snippet:-1","max-image-preview":"max-image-preview:large","max-video-preview":"max-video-preview:-1"},"canonical":"https:\/\/www.cazadejabali.com\/index.php\/booking-jagt\/","og_locale":"en_US","og_type":"article","og_title":"Booking Jagt - CazadeJabal&iacute;","og_description":"Bestilling &#8211; Jagttur Jagt Opl\u00e6g Send os en foresp\u00f8rgsel! Er du interesseret i at komme p\u00e5 en af vores jagtture? Det eneste du skal g\u00f8re er at udfylde vores bestillingsformular og sende os en foresp\u00f8rgsel. Vi vil herefter kontakte dig hurtigst muligt, s\u00e5 vi kan planl\u00e6gge din jagttur sammen. Betalingsbetingelser Der indbetales \u20ac250 depositum ved [&hellip;]","og_url":"https:\/\/www.cazadejabali.com\/index.php\/booking-jagt\/","og_site_name":"CazadeJabal&iacute;","article_publisher":"https:\/\/www.facebook.com\/Vildsvinejagt","article_modified_time":"2023-09-14T14:11:47+00:00","og_image":[{"url":"https:\/\/www.cazadejabali.com\/wp-content\/uploads\/2023\/05\/caza-12-11-22-2-1-1024x768.webp","type":"","width":"","height":""}],"twitter_card":"summary_large_image","twitter_misc":{"Est. reading time":"2 minutes"},"schema":{"@context":"https:\/\/schema.org","@graph":[{"@type":"WebPage","@id":"https:\/\/www.cazadejabali.com\/index.php\/booking-jagt\/","url":"https:\/\/www.cazadejabali.com\/index.php\/booking-jagt\/","name":"Booking Jagt - CazadeJabal&iacute;","isPartOf":{"@id":"https:\/\/www.cazadejabali.com\/#website"},"primaryImageOfPage":{"@id":"https:\/\/www.cazadejabali.com\/index.php\/booking-jagt\/#primaryimage"},"image":{"@id":"https:\/\/www.cazadejabali.com\/index.php\/booking-jagt\/#primaryimage"},"thumbnailUrl":"https:\/\/www.cazadejabali.com\/wp-content\/uploads\/2023\/05\/caza-12-11-22-2-1-1024x768.webp","datePublished":"2023-05-19T16:37:49+00:00","dateModified":"2023-09-14T14:11:47+00:00","breadcrumb":{"@id":"https:\/\/www.cazadejabali.com\/index.php\/booking-jagt\/#breadcrumb"},"inLanguage":"en","potentialAction":[{"@type":"ReadAction","target":["https:\/\/www.cazadejabali.com\/index.php\/booking-jagt\/"]}]},{"@type":"ImageObject","inLanguage":"en","@id":"https:\/\/www.cazadejabali.com\/index.php\/booking-jagt\/#primaryimage","url":"https:\/\/www.cazadejabali.com\/wp-content\/uploads\/2023\/05\/caza-12-11-22-2-1-1024x768.webp","contentUrl":"https:\/\/www.cazadejabali.com\/wp-content\/uploads\/2023\/05\/caza-12-11-22-2-1-1024x768.webp"},{"@type":"BreadcrumbList","@id":"https:\/\/www.cazadejabali.com\/index.php\/booking-jagt\/#breadcrumb","itemListElement":[{"@type":"ListItem","position":1,"name":"Home","item":"https:\/\/www.cazadejabali.com\/"},{"@type":"ListItem","position":2,"name":"Booking Jagt"}]},{"@type":"WebSite","@id":"https:\/\/www.cazadejabali.com\/#website","url":"https:\/\/www.cazadejabali.com\/","name":"www.vildsvinejagt.com","description":"","publisher":{"@id":"https:\/\/www.cazadejabali.com\/#organization"},"potentialAction":[{"@type":"SearchAction","target":{"@type":"EntryPoint","urlTemplate":"https:\/\/www.cazadejabali.com\/?s={search_term_string}"},"query-input":{"@type":"PropertyValueSpecification","valueRequired":true,"valueName":"search_term_string"}}],"inLanguage":"en"},{"@type":"Organization","@id":"https:\/\/www.cazadejabali.com\/#organization","name":"CazadeJabal\u00ed","url":"https:\/\/www.cazadejabali.com\/","logo":{"@type":"ImageObject","inLanguage":"en","@id":"https:\/\/www.cazadejabali.com\/#\/schema\/logo\/image\/","url":"https:\/\/www.cazadejabali.com\/wp-content\/uploads\/2023\/05\/green.svg","contentUrl":"https:\/\/www.cazadejabali.com\/wp-content\/uploads\/2023\/05\/green.svg","width":1040,"height":801,"caption":"CazadeJabal\u00ed"},"image":{"@id":"https:\/\/www.cazadejabali.com\/#\/schema\/logo\/image\/"},"sameAs":["https:\/\/www.facebook.com\/Vildsvinejagt"]}]}},"_links":{"self":[{"href":"https:\/\/www.cazadejabali.com\/index.php\/wp-json\/wp\/v2\/pages\/1076","targetHints":{"allow":["GET"]}}],"collection":[{"href":"https:\/\/www.cazadejabali.com\/index.php\/wp-json\/wp\/v2\/pages"}],"about":[{"href":"https:\/\/www.cazadejabali.com\/index.php\/wp-json\/wp\/v2\/types\/page"}],"author":[{"embeddable":true,"href":"https:\/\/www.cazadejabali.com\/index.php\/wp-json\/wp\/v2\/users\/1"}],"replies":[{"embeddable":true,"href":"https:\/\/www.cazadejabali.com\/index.php\/wp-json\/wp\/v2\/comments?post=1076"}],"version-history":[{"count":55,"href":"https:\/\/www.cazadejabali.com\/index.php\/wp-json\/wp\/v2\/pages\/1076\/revisions"}],"predecessor-version":[{"id":2579,"href":"https:\/\/www.cazadejabali.com\/index.php\/wp-json\/wp\/v2\/pages\/1076\/revisions\/2579"}],"wp:attachment":[{"href":"https:\/\/www.cazadejabali.com\/index.php\/wp-json\/wp\/v2\/media?parent=1076"}],"curies":[{"name":"wp","href":"https:\/\/api.w.org\/{rel}","templated":true}]}}